29770
What is 1771 (base 8) in base 16?
3f9
What is 4512 (base 7) in base 12?
b36
Convert 1636 (base 16) to base 5.
140221
What is -221102022 (base 3) in base 14?
-6a78
What is -2620 (base 8) in base 3?
-1221202
Convert -2a1 (base 11) to base 10.
-353
What is 33885 (base 9) in base 15?
6a65
What is 26142 (base 8) in base 10?
11362
-d34 (base 15) to base 13
-147a
Convert -11020 (base 3) to base 13.
-8a
What is -a0 (base 14) in base 2?
-10001100
6136 (base 7) to base 5
32014
cc (base 16) to base 7
411
What is 15cb (base 14) in base 13?
1a13
What is -4a4 (base 16) in base 2?
-10010100100
What is -11b (base 16) in base 2?
-100011011
-14372 (base 10) to base 7
-56621
What is -1550 (base 8) in base 7?
-2354
Convert -974 (base 11) to base 9.
-1540
What is -405 (base 15) in base 12?
-635
-502 (base 7) to base 2
-11110111
Convert -2e6f (base 16) to base 4.
-2321233
What is 3582 (base 13) in base 12?
4446
What is -43a (base 11) in base 4?
-20033
What is 713 (base 15) in base 4?
120321
Convert aa0 (base 13) to base 14.
940
Convert -237 (base 14) to base 8.
-671
What is 32e (base 15) in base 11?
5a4
Convert a002 (base 16) to base 12.
1b856
Convert -71247 (base 9) to base 4.
-23130031
What is 1063 (base 15) in base 12?
2010
Convert 22021100 (base 3) to base 4.
1132032
1e7b (base 16) to base 6
100043
9037 (base 10) to base 4
2031031
What is 1340401 (base 6) in base 4?
102120301
231a (base 14) to base 9
8327
101000101 (base 2) to base 16
145
722 (base 8) to base 15
211
-206 (base 12) to base 8
-446
What is 1841 (base 9) in base 12?
99a
What is -907 (base 11) in base 2?
-10001001000
227 (base 14) to base 4
12223
What is -5613 (base 7) in base 8?
-3743
Convert 1a3 (base 12) to base 3.
100220
What is -3676 (base 9) in base 15?
-c2c
Convert -725 (base 10) to base 5.
-10400
What is -c05 (base 15) in base 10?
-2705
Convert -51 (base 13) to base 8.
-102
Convert 28a4 (base 15) to base 6.
104144
What is -5a4 (base 11) in base 15?
-32e
-244526 (base 7) to base 15
-d455
What is a7 (base 13) in base 14?
9b
What is 23414 (base 5) in base 10?
1734
What is 5755 (base 10) in base 4?
1121323
What is 3010 (base 4) in base 5?
1241
-241 (base 15) to base 14
-287
Convert -2463 (base 13) to base 10.
-5151
195 (base 10) to base 4
3003
-1341140 (base 5) to base 16
-6c16
Convert 24225 (base 6) to base 16.
dd9
Convert 2510 (base 6) to base 8.
1152
3b3 (base 14) to base 16
2e9
-220011011 (base 3) to base 13
-8026
-6036 (base 7) to base 2
-100000100101
-1a49 (base 14) to base 15
-162e
What is 9a0 (base 11) in base 8?
2257
Convert -21110201 (base 3) to base 13.
-262c
Convert 100100000 (base 2) to base 16.
120
Convert 10101001100000 (base 2) to base 10.
10848
21a (base 13) to base 9
441
858d (base 14) to base 15
6c72
What is -5a (base 14) in base 5?
-310
Convert -20545 (base 9) to base 7.
-54362
111111001 (base 2) to base 10
505
-202221201 (base 3) to base 8
-35652
What is -21023 (base 4) in base 13?
-362
Convert 1010010000 (base 2) to base 10.
656
Convert -702 (base 10) to base 11.
-589
Convert -3573 (base 8) to base 16.
-77b
27a0 (base 13) to base 7
22432
-100211011 (base 3) to base 7
-26605
What is -2 (base 4) in base 9?
-2
Convert -787a (base 11) to base 5.
-312442
Convert -4707 (base 8) to base 2.
-100111000111
-532 (base 13) to base 12
-61a
What is -1311210 (base 5) in base 13?
-b990
4b9 (base 12) to base 4
23031
Convert -10011 (base 5) to base 13.
-397
What is 3b28 (base 13) in base 6?
103140
What is -1a90 (base 12) in base 8?
-6314
What is -202000 (base 3) in base 6?
-2300
-1022212 (base 3) to base 2
-1111001000
-11543 (base 7) to base 5
-44040
What is -512 (base 6) in base 16?
-bc
1101000001 (base 2) to base 9
1125
Convert 315145 (base 6) to base 13.
b963
-2322213 (base 5) to base 11
-29769
Convert 9940 (base 12) to base 9.
25153
Convert 14766 (base 8) to base 7.
25243
What is -1ca (base 13) in base 10?
-335
665 (base 10) to base 14
357
Convert -76560 (base 9) to base 8.
-143110
What is -c2da (base 14) in base 10?
-33512
What is -145335 (base 6) in base 4?
-3131123
10232204 (base 5) to base 4
111020122
10212001 (base 3) to base 14
1049
What is -106123 (base 7) in base 13?
-8803
Convert 10001000101100001 (base 2) to base 14.
1b70d
-cba0 (base 14) to base 3
-1210022121
Convert -3551 (base 16) to base 15.
-409e
Convert 100101101 (base 2) to base 7.
610
What is 2119 (base 12) in base 14?
1469
What is 41450 (base 6) in base 12?
3286
What is -212112 (base 3) in base 10?
-635
Convert aa3 (base 12) to base 7.
4362
Convert -1343 (base 7) to base 3.
-201022
Convert -2012222 (base 3) to base 2.
-11001010011
What is -10001 (base 3) in base 16?
-52
964 (base 11) to base 4
102013
Convert -146325 (base 7) to base 16.
-6fdb
-976 (base 10) to base 3
-1100011
Convert -10202 (base 4) to base 6.
-1202
What is 20717 (base 10) in base 15?
6212
141 (base 8) to base 14
6d
What is -898 (base 14) in base 16?
-6a6
-14a (base 16) to base 13
-1c5
2232031 (base 4) to base 12
6551
-b09 (base 12) to base 14
-81b
2570 (base 15) to base 6
100540
6b (base 13) to base 4
1121
Convert 5 (base 16) to base 15.
5
What is -125 (base 9) in base 4?
-1220
Convert -1a4 (base 15) to base 7.
-1051
What is -112012 (base 7) in base 4?
-10312333
29b (base 15) to base 16
254
What is -37480 (base 9) in base 6?
-312330
What is 781b (base 12) in base 11?
9a75
Convert 111011010 (base 2) to base 11.
3a1
What is -102b (base 12) in base 5?
-24023
Convert 400 (base 14) to base 9.
1061
What is -220125 (base 7) in base 2?
-1001011001010100
450 (base 13) to base 8
1345
Convert a0 (base 15) to base 10.
150
What is 123b (base 13) in base 5?
40320
Convert -304523 (base 6) to base 3.
-1020110020
What is 1101121002 (base 3) in base 5?
1334112
34b45 (base 12) to base 16
11465
Convert 234 (base 6) to base 5.
334
Convert -1ae (base 15) to base 8.
-605
Convert 200403 (base 5) to base 14.
245b
Convert 75115 (base 8) to base 2.
111101001001101
839 (base 14) to base 4
121103
What is 1010100011 (base 2) in base 6?
3043
-2ab1 (base 14) to base 13
-35cb
What is -2c4 (base 13) in base 6?
-2150
-203313 (base 5) to base 15
-1ec3
What is -2aa (base 12) in base 7?
-1135
21200020 (base 3) to base 12
32a3
2a2c (base 15) to base 6
105510
-415 (base 15) to base 3
-1021002
Convert -a72 (base 13) to base 3.
-2110001
-23425 (base 6) to base 14
-134d
10011000000 (base 2) to base 8
2300
107a1 (base 11) to base 7
63323
Convert 101111010 (base 2) to base 10.
378
aa0 (base 12) to base 14
7d6
348a (base 11) to base 9
6243
What is 23a78 (base 12) in base 3?
2110002202
-690 (base 12) to base 5
-12342
What is 1453 (base 6) in base 7?
1101
2033131 (base 4) to base 16
23dd
Convert -fe71 (base 16) to base 13.
-23857
What is -303231 (base 5) in base 3?
-111110120
Convert 1f8d (base 16) to base 13.
38a4
What is 25541 (base 7) in base 8?
15207
1152032 (base 6) to base 7
343622
Convert 10100101100110 (base 2) to base 7.
42620
196b (base 16) to base 9
8830
What is -11602 (base 9) in base 15?
-2488
What is -1646 (base 8) in base 10?
-934
-102211 (base 5) to base 13
-173c
Convert 3483 (base 12) to base 7.
23040
What is 20021 (base 3) in base 4?
2221
What is 2a22 (base 11) in base 8?
7470
-688 (base 9) to base 3
-202222
Convert 798 (base 10) to base 8.
1436
What is -3780 (base 13) in base 14?
-2c2a
Convert -9a4 (base 12) to base 11.
-1081
-7aba (base 12) to base 2
-11010101101110
Convert -993 (base 14) to base 15.
-863
What is 101011100001101 (base 2) in base 14?
819b
What is 6aa4 (base 12) in base 15?
3807
Convert 2909 (base 13) to base 7.
23162
Convert -1101010000110 (base 2) to base 11.
-5113
What is 174 (base 8) in base 2?
1111100
Convert 5043 (base 7) to base 10.
1746
-1564 (base 7) to base 10
-634
-3302 (base 5) to base 11
-381
What is -10001101010 (base 2) in base 7?
-3203
-1000111001 (base 2) to base 9
-702
Convert 1024434 (base 5) to base 14.
6538
Convert 101010100 (base 2) to base 6.
1324
7018 (base 15) to base 5
1224043
1f2 (base 16) to base 7
1311
-188 (base 13) to base 3
-101102
-d4 (base 15) to base 11
-171
What is 206 (base 9) in base 15?
b3
What is 3874 (base 15) in base 8?
27402
Convert -68 (base 12) to base 15.
-55
What is -131102 (base 5) in base 14?
-1c40
What is -100101011110101 (base 2) in base 3?
-222022201
What is -379 (base 11) in base 4?
-13001
Convert 236